263 a composite number?
False
Is 9013097 a prime number?
True
Is 2555831 a prime number?
False
Is 3986981 prime?
False
Is 3586153 a prime number?
False
Is 1263917 prime?
True
Is 9908383 a composite number?
True
Is 30867261 composite?
True
Is 302578883 a composite number?
False
Is 1347097 composite?
True
Is 17908901 prime?
True
Is 92131747 a composite number?
False
Is 559842971 prime?
False
Is 583061 a composite number?
True
Is 700027 prime?
True
Is 2256233 composite?
True
Is 18727139 a prime number?
False
Is 3579289 prime?
False
Is 4299737 a prime number?
False
Is 3854005 prime?
False
Is 13719179 composite?
False
Is 10174279 a composite number?
True
Is 102403183 a composite number?
False
Is 182264651 a prime number?
True
Is 59081081 a prime number?
True
Is 79665361 prime?
True
Is 789221 prime?
True
Is 11697251 composite?
False
Is 126795497 a composite number?
True
Is 1315057 a composite number?
True
Is 10331183 a prime number?
True
Is 2179523 composite?
False
Is 560749 composite?
True
Is 48874409 a prime number?
False
Is 13233049 composite?
True
Is 84070033 a composite number?
False
Is 472007 a prime number?
False
Is 1692707 a composite number?
True
Is 28976567 a composite number?
False
Is 63223997 composite?
False
Is 105597403 a prime number?
True
Is 56808979 a composite number?
True
Is 4397507 composite?
True
Is 88636573 a composite number?
False
Is 17977897 prime?
False
Is 6683413 prime?
False
Is 7389721 composite?
False
Is 17492557 a composite number?
False
Is 267999437 a composite number?
False
Is 655867321 a prime number?
False
Is 563395667 a prime number?
True
Is 1514437 composite?
False
Is 13988761 prime?
False
Is 76856027 a composite number?
True
Is 412132609 a prime number?
False
Is 1547639 a composite number?
True
Is 42772399 a composite number?
False
Is 20513729 a composite number?
False
Is 604237 composite?
False
Is 29412527 composite?
False
Is 3478595 prime?
False
Is 12980267 composite?
True
Is 7263097 a composite number?
True
Is 80044171 composite?
False
Is 3830009 a composite number?
True
Is 1481351 a composite number?
True
Is 16174859 prime?
False
Is 5149891 composite?
False
Is 41531983 a prime number?
False
Is 51846919 a composite number?
True
Is 32485681 a composite number?
False
Is 136942753 a prime number?
True
Is 31718191 a prime number?
True
Is 205209371 a prime number?
True
Is 155512531 a prime number?
True
Is 732187 composite?
False
Is 98958823 a composite number?
False
Is 17942201 a prime number?
True
Is 90118187 composite?
True
Is 45810203 a composite number?
False
Is 4614371 a composite number?
True
Is 4714757 a composite number?
False
Is 87446159 prime?
True
Is 6756933 prime?
False
Is 10273513 prime?
False
Is 146091853 a composite number?
False
Is 689581 prime?
True
Is 4508683 a composite number?
True
Is 68141 a composite number?
False
Is 23458337 composite?
True
Is 11988167 composite?
True
Is 34715363 a composite number?
False
Is 10114127 a prime number?
False
Is 23815949 a composite number?
True
Is 10097563 prime?
False
Is 73180163 prime?
False
Is 21331819 composite?
False
Is 14160733 prime?
False
Is 16299601 a composite number?
False
Is 298510417 prime?
False
Is 703687 composite?
True
Is 1830379 prime?
True
Is 66112873 a composite number?
False
Is 464069 prime?
True
Is 3506677 a composite number?
True
Is 23463631 a composite number?
True
Is 11687677 composite?
False
Is 557231 composite?
True
Is 541001465 composite?
True
Is 4563214 a prime number?
False
Is 74052581 a composite number?
True
Is 19981327 a composite number?
True
Is 9270647 composite?
False
Is 19053199 composite?
True
Is 90569191 composite?
True
Is 68141 prime?
True
Is 73675447 prime?
True
Is 7116229 a composite number?
False
Is 4984765 a composite number?
True
Is 154244411 prime?
True
Is 1172761 composite?
True
Is 628831 a prime number?
False
Is 2310829 composite?
True
Is 354199817 a prime number?
False
Is 41955047 a prime number?
True
Is 238072877 composite?
True
Is 43072811 composite?
True
Is 334353221 prime?
True
Is 3213011 composite?
False
Is 38319767 a prime number?
True
Is 2287739 prime?
True
Is 57966523 a composite number?
False
Is 6143303 composite?
False
Is 153266367 a prime number?
False
Is 5323106 composite?
True
Is 7431581 a composite number?
True
Is 6822269 a prime number?
True
Is 111166807 composite?
False
Is 5548823 prime?
False
Is 124083818 a prime number?
False
Is 128021 a composite number?
False
Is 241323409 a prime number?
False
Is 20341237 a composite number?
True
Is 39541309 composite?
False
Is 12446029 a prime number?
True
Is 1749797 a prime number?
False
Is 2999539 composite?
False
Is 732341 a prime number?
False
Is 1461553 composite?
False
Is 3434169 a composite number?
True
Is 9917027 a composite number?
False
Is 12980729 a composite number?
False
Is 832911 composite?
True
Is 29052521 a composite number?
False
Is 155936589 a prime number?
False
Is 1714387 a prime number?
True
Is 44855157 a composite number?
True
Is 777661 composite?
False
Is 3543509 prime?
False
Is 282127 a composite number?
False
Is 124671803 a prime number?
True
Is 337737197 a prime number?
False
Is 1156743787 composite?
False
Is 2558131 composite?
False
Is 5659523 prime?
False
Is 251818183 a prime number?
True
Is 327401 composite?
False
Is 39771713 prime?
True
Is 3247759 a prime number?
True
Is 324121699 a prime number?
False
Is 136193471 a composite number?
True
Is 192737 a prime number?
True
Is 86080513 a composite number?
True
Is 26821843 a composite number?
True
Is 1625092847 composite?
True
Is 81568589 a composite number?
True
Is 962957 prime?
False
Is 13564123 a prime number?
True
Is 355277 a prime number?
False
Is 362309417 composite?
True
Is 46229569 a composite number?
False
Is 21039401 prime?
True
Is 60179741 a composite number?
False
Is 69081007 composite?
False
Is 180201269 composite?
True
Is 22685071 a prime number?
False
Is 123709483 a prime number?
True
Is 5295943 prime?
True
Is 1702507 prime?
True
Is 153227 a prime number?
False
Is 97888487 a prime number?
True
Is 44108887 a composite number?
False
Is 4331711 composite?
False
Is 8945549 composite?
False
Is 3183259 prime?
True
Is 4294271 composite?
True
Is 3283361 a prime number?
True
Is 7388817 prime?
False
Is 1479129 a composite number?
True
Is 6750935 a composite number?
True
Is 236497483 a prime number?
False
Is 391110197 a prime number?
False
Is 167294951 a composite number?
True
Is 121614109 prime?
True
Is 4550563 composite?
False
Is 13569263 prime?
True
Is 854691 composite?
True
Is 50789477 a composite number?
False
Is 364794923 prime?
True
Is 5588411 composite?
False
Is 36397447 composite?
True
Is 18027467 a prime number?
False
Is 81575051 a composite number?
False
Is 1340477 a composite number?
False
Is 2168437 a composite number?
False
Is 26309 a composite number?
False
Is 23781479 composite?
True
Is 18490607 a composite number?
False
Is 37597759 prime?
False
Is 548987431 prime?
True
Is 293023 a prime number?
False
Is 10911583 prime?
False
Is 63226391 composite?
True
Is 54974197 composite?
True
Is 1117191 a composite number?
True
Is 7149367 prime?
False
Is 685831205 composite?
True
Is 204340589 prime?
True
Is 58039 a composite number?
True
Is 55613743 a prime number?
True
Is 52035481 composite?
False
Is 314631259 a composite number?
False
Is 8042809 a composite number?
True
Is 22713017 a prime number?
False
Is 2528593 prime?
False
Is 14566031 composite?
False
Is 28023337 a prime number?
True
Is 111200081 prime?
True
Is 14131333 a prime number?
True
Is 7885993 a composite number?
False
Is 11938618 a composite number?
True
Is 116616829 prime?
False
Is 3510394 prime?
False
Is 53653791 composite?
True
Is 59685553 composite?
False
Is 695132147 composite?
False
Is 4649069 composite?
False
Is 35652091 composite?
True
Is 246889 prime?
True
Is 12832681 a prime number?
False
Is 196170235 composite?
True
Is 35493427 prime?
True
Is 96955015 a prime number?
False
Is 1476689 a prime number?
True
Is 110207663 a composite number?
True
Is 2175851 prime?
True
Is 5102299 prime?
False
Is 28650551 prime?
True
Is 38327099 a prime number?
False
Is 3555901 composite?
False
Is 102618233 composite?
False
Is 24135173 composite?
True
Is 17923639 prime?
False
Is 306108505 composite?
True
Is 3216145021 pr